factor of j and s?
15
Suppose 2*d + 42 + 33 = 3*u, -135 = -5*u + 5*d. What is the greatest common divisor of u and 2289?
21
Let y = -70 + 138. Let j = y + -65. Suppose -a + 9 + 3 = 3*d, 3*a - 60 = j*d. What is the highest common divisor of a and 54?
18
Suppose 0 = -5*q + 32 - 7. Suppose -2*w = q*y - 225, y + 4*w = -15 + 60. What is the highest common divisor of y and 45?
45
Let m(k) = 15 + 82 + 10*k - 26 - 21. Let n be m(3). What is the highest common factor of 140 and n?
20
Let v(i) = i**3 - i + 66. Let x be v(0). Let f(g) = -27*g**3 + g**2 + g - 9. Let u be f(-3). What is the greatest common factor of x and u?
66
Let d = 5647 - 5591. What is the greatest common divisor of 1048 and d?
8
Let b be ((-9)/(-27))/(2/6) + 4. Let u be 6 + -2 - b - -3. Let x be (-20 + -2)/(u/(-4)). Calculate the highest common divisor of 110 and x.
22
Let y = -105 - -213. Let n be 2/(-4) - 8/((-48)/105). Suppose 162 = -11*s + n*s. What is the greatest common factor of y and s?
27
Let i(z) = -517*z - 3523. Let w be i(-7). What is the greatest common factor of w and 3408?
48
Suppose 0 = 70*s + 27*s - 13192. What is the greatest common divisor of 256 and s?
8
Let z(y) be the second derivative of y**5/20 + 5*y**4/3 + 14*y**3/3 - 30*y**2 - 141*y. Let j be z(-18). Calculate the greatest common factor of 21 and j.
21
Suppose -5*f + 5*l = -415, -5*f - 3*l + 6*l = -403. Calculate the highest common divisor of f and 319.
11
Let j(v) = 7*v**2 - 3*v**2 - 4*v - v**2 + 3*v. Let c be j(1). Let h be ((-2)/7)/(3/(-21)). Calculate the greatest common factor of h and c.
2
Let x(r) = -23*r + 75. Let f be x(-9). Suppose -5*o + 1358 = -f. Calculate the highest common divisor of o and 16.
8
Suppose -9216 = -19*z - 29*z. Let h(t) = 8*t**3 - 5*t**2 + 3*t - 2. Let f be h(2). Calculate the highest common factor of z and f.
48
Let w(g) = g - 1. Let s be w(3). Suppose 3*b + 2 = -s*b - 4*k, 3*b + k - 3 = 0. Let j = -168 - -192. What is the highest common factor of b and j?
2
Let u = -11216 + 11744. What is the highest common factor of u and 1320?
264
Suppose -1877 = -4*a - 4*f + 3803, 0 = -5*a - 3*f + 7104. What is the highest common divisor of a and 90?
18
Let w = -16 + 24. Let h(m) = m**3 - 7*m**2 + 2*m + 1. Let p be h(w). Suppose -56*i = -137*i + 729. Calculate the highest common divisor of i and p.
9
Let g = 159 + 137. Let i = -205 + g. What is the highest common divisor of 13 and i?
13
Let d(l) = l**3 + 26*l**2 - 4*l - 166. Let u be d(-20). What is the highest common divisor of 623 and u?
89
Suppose -3*u + 63 = -0*u - 3*l, 0 = 3*u + 5*l - 47. Suppose -4*k = u*k - 276. What is the greatest common factor of k and 84?
12
Let u be 65 - (0*(3 + -2) + 5). Let q be 106936/120 - 8/u. Calculate the greatest common divisor of 27 and q.
27
Let f = -8141 - -8401. Calculate the highest common divisor of 1060 and f.
20
Let n(p) = -4*p**3 + 93*p**2 + 34*p + 14. Let j be n(23). What is the highest common factor of 75 and j?
25
Let q(d) = 22*d + 153. Let x be q(-6). Let f = 6 + -39. Let i = f - -75. Calculate the highest common factor of i and x.
21
Suppose -4*g = -524*s + 520*s - 72, -9*g + 4*s = -142. Suppose -5*c - 1277 + 3307 = 0. Calculate the greatest common factor of g and c.
14
Suppose 0 = -2*p - 38 + 90. Suppose 9*v = 54, -15*f + 29*f - 2*v = 10*f + 404. Calculate the highest common divisor of p and f.
26
Let m = -11043 + 11820. Calculate the greatest common factor of 4773 and m.
111
Let n be (2/(-26) - (-16468)/(-3588))*(-90)/14. What is the greatest common factor of n and 6705?
15
Let n = -755 - -758. Suppose -5*l - 3*j + 38 + 47 = 0, 2*l - n*j - 13 = 0. What is the greatest common divisor of 1232 and l?
14
Let y be (-347)/(-3)*-6*1/(-2). Suppose f = 5*p + y, 2*f + 10 = 3*p + 711. What is the highest common factor of 22 and f?
22
Let h(p) = -6*p - 246. Let y be h(-46). Let r be 1728/45*y/(6/3). Calculate the highest common divisor of 64 and r.
64
Suppose -2*u + 0 + 12 = 2*f, -4*f + 27 = u. Let d be -9*4/(-18) + f. What is the highest common factor of 207 and d?
9
Suppose -3*t - 112 = -11*t. Let m = 16 - t. Let i be m/8 - (-5013)/12. Calculate the highest common divisor of i and 38.
38
Suppose -187*t + 191*t = 4*h - 592, -5*h - 2*t = -768. What is the greatest common divisor of 589 and h?
19
Suppose 10*o + 216 = 12*o. Let g(f) = -228*f - 93. Let j be g(-1). Calculate the highest common divisor of o and j.
27
Suppose 145*l - 150*l - 3681 = -2*g, -5*g - l + 9243 = 0. What is the highest common divisor of g and 55?
11
Suppose -2 = 4*b - 14. Suppose -6 = -b*r + 2*g, 4*g = 4 + 8. Suppose -q - j - 2*j + 43 = 0, -j = -r*q + 159. What is the greatest common factor of q and 10?
10
Let q = -2598 - -2623. What is the greatest common divisor of 5825 and q?
25
Let x = 1802 + -796. Let g = x - 467. Suppose 6*j - 1045 = g. Calculate the greatest common divisor of j and 24.
24
Suppose 2*p = -0*p + 48. Let y be ((1 - 1) + (-970)/582)*-180. What is the greatest common divisor of y and p?
12
Let g be (18 + -33)/((-2)/42). Let q = -306 + g. What is the greatest common divisor of q and 243?
9
Let t = -6640 - -6714. Calculate the highest common factor of t and 629.
37
Let o be ((-9556)/(-12) - -3)*(29/2 - -8). Calculate the highest common factor of o and 66.
33
Suppose 2*f + 2*f + 36 = 2*l, -5*f = -3*l + 53. Suppose 6*g = -l + 28. Let t be (22/g + -3)*4/8. What is the greatest common divisor of 44 and t?
4
Let y be 9/(7/4 + -1). Let s = -9219 + 9375. Calculate the highest common divisor of s and y.
12
Let n be (43/(-5) + 2/(-5))/(-1). Let u = 49 - n. Calculate the highest common factor of u and 16.
8
Suppose b - 50 + 2 = 0. Let x be 4/((345/1170)/23). What is the greatest common factor of b and x?
24
Let g(l) = l**3 + 30*l**2 - 5*l - 125. Let v be g(-30). Calculate the greatest common factor of 6025 and v.
25
Let s(w) = -2*w - 1. Let a(i) = 2*i + 16. Let g(y) = a(y) + 3*s(y). Let m = 2 - 2. Let o be g(m). Calculate the greatest common divisor of 65 and o.
13
Let b(k) = -4*k**3 + 223*k**2 + 40*k + 1193. Let h be b(56). Let n = 152 + -108. What is the highest common factor of n and h?
11
Let f be ((3 - 20/6)*-3)/((-24)/(-216)). Calculate the highest common divisor of 7317 and f.
9
Let o(r) = -2*r + 14. Let p be o(5). Let k = -14 - -17. Suppose -w = p*u - 2*u - 31, -u - k*w = -3. Calculate the greatest common factor of 45 and u.
9
Let j(i) = -6*i**2 + 273*i - 193. Let n be j(44). Calculate the highest common factor of n and 232.
29
Let x be (-30)/2*(-3 + 264/(-18)). Let n(d) = 3*d**3 - 5*d**2 - 2*d + 2. Let s be n(4). Calculate the greatest common divisor of x and s.
53
Let m be (4 - (-48)/(-9))*(-6)/4. Suppose -m*o - 45 = r + 2, 3*o + 68 = -r. Let y be ((-4)/(12/o) - 1) + -3. What is the highest common divisor of 3 and y?
3
Suppose -5*y = 4*p + 2, -7*p + 10 = -5*p - 3*y. Suppose -n = -2*n + p*n. Suppose -27*j + 7*j + 100 = n. Calculate the greatest common divisor of j and 1.
1
Let w be 1 - 6/(-10) - 54/(-135). Let y be w/3*57*(-3 + 2). Let c = y + 58. What is the greatest common divisor of c and 80?
20
Let p be (-16)/(-104) + ((-4)/26)/1. Suppose p = 4*b - 121 - 95. Suppose -4*s + 90 = s. What is the greatest common factor of s and b?
18
Let b be 148/52 - 3 - 654/(-26). Let a(s) = s - 8. Let j be a(8). Suppose -b = 5*g, -4*g = -k - j*g + 35. Calculate the highest common divisor of 15 and k.
15
Let b be ((-8)/(-10))/((23/2070)/((-2)/(-8))). Let o be (-40)/(-6) + 4/(-6). Calculate the highest common divisor of o and b.
6
Suppose -3*d + 4*w + 139 + 1870 = 0, 4*w = -4*d + 2660. Let z = d - 543. Calculate the highest common factor of z and 62.
62
Let r be (48 - (-1)/1)*(10 - 9). What is the highest common divisor of 2772 and r?
7
Let v(a) = -a + 63. Let t be v(23). Let d be (-51872)/t + -2 + (-1)/5. Let f be d/(-15) - (-5 - 112/(-20)). Calculate the greatest common factor of f and 215.
43
Suppose 11*w = -p + 58, p - 26 = 4*w + 2. Calculate the greatest common divisor of 36684 and p.
36
Let w = -179 - -269. Suppose 0 = 2*n + p - 5, 6*p = -n + 17 - 53. Calculate the greatest common divisor of w and n.
6
Suppose -16825 - 15691 - 9428 = -8*s. Calculate the greatest common factor of s and 196.
49
Let a be (-9)/(3/(-2) + 3/6). Let l(z) = -z**2 + 4*z + 47. Let i be l(a). Let f be (44/10)/(1/5). Calculate the greatest common fact